 -156 + 345. Calculate the greatest common factor of 27 and s.
27
Let z(y) = 208*y**2 - 5*y - 6. Let f be z(-1). What is the highest common divisor of f and 23?
23
Let z be ((-1)/8*-4)/(4/304). Let o = 122 - 65. What is the greatest common divisor of z and o?
19
Suppose s - 64 = -3*x, 4*x + 62 - 126 = -s. Calculate the greatest common factor of s and 52.
4
Let q(o) = -o**2 - 4*o. Let z be q(-3). Let s(r) = -3*r**2 + 2*r - 2*r**2 + 4*r**2 + r**z. Let j be s(3). What is the greatest common factor of j and 4?
4
Let n(x) = x**2 + 3*x + 4. Let h be n(5). Let j = 4 + -9. Let m be -2 - j - (-16)/2. What is the highest common divisor of h and m?
11
Let g = -877 - -1504. Calculate the highest common factor of 57 and g.
57
Let q = 160 - 122. Calculate the greatest common divisor of q and 608.
38
Let h be (-825)/(-6) - (-1)/2. Suppose 117 = 15*t - h. What is the greatest common divisor of t and 187?
17
Let r(i) = 11*i - 1. Let y be r(-2). Let f = y + 38. Calculate the highest common factor of 75 and f.
15
Let t be 2 + 0 + 183/3. Let h be (-195)/(-40) - 2/(-16). Suppose -h*b - 63 = -8*b. What is the greatest common divisor of t and b?
21
Suppose f + 4 = 3*f, f - 67 = -5*l. What is the greatest common factor of 39 and l?
13
Suppose -2*a + s = -6, -2*a - s - 2*s = -14. Suppose -3*y + 20 = 11. Let t = a - y. What is the highest common factor of 5 and t?
1
Suppose -5*t + 2*t = -420. Let v(a) = 7*a**2 + 8*a - 16. Let l be v(2). What is the highest common divisor of l and t?
28
Suppose w - 1 - 2 = 0. Suppose 7*y = w*y + 108. What is the highest common factor of y and 3?
3
Suppose 21*d - 49*d = -6468. What is the highest common factor of d and 11?
11
Suppose -2*m + 10 = 2*v, -5*v - 22*m + 24*m = -46. Calculate the greatest common factor of v and 24.
8
Let j(s) = s**2 - 9*s - 8. Let p be j(10). Let d(z) = z**2 + 6*z - 25. Let a be d(-9). What is the greatest common divisor of p and a?
2
Suppose 0 = 5*w - 12 - 33. Suppose 238 = w*v + 94. What is the highest common divisor of v and 48?
16
Suppose 3*j = j + 60. Let o be (84/(-20))/((-2)/j). Calculate the greatest common divisor of 9 and o.
9
Let c(m) = -m**3 - 3*m**2 + 101*m + 25. Let z be c(-15). Calculate the highest common factor of z and 20.
10
Let k(i) = 3*i**3 + i**2. Let r be k(2). Calculate the highest common factor of 182 and r.
14
Suppose 5*g + 149 = -4*b - 0*b, 3*g + 2*b + 91 = 0. Let c = g - -67. Let w be 4/(-18) + (-155)/(-9). Calculate the greatest common factor of w and c.
17
Suppose 2*a - 28 = m, -5*a + 3*m + 37 = -33. Suppose -78 = 6*r - 6. Let y be 177/24 + r/32. Calculate the highest common factor of a and y.
7
Suppose 0*u = u + 3, 5*n + 4*u = 38. Calculate the highest common factor of n and 6.
2
Suppose v + 0*v + 2 = 0. Let l be 225/21 + v/(-7). Let m = l + -9. What is the highest common divisor of 2 and m?
2
Let j(u) be the second derivative of u**3/2 - 11*u**2/2 + 4*u. Let b be j(5). Calculate the greatest common factor of b and 1.
1
Let s(y) = 19 + 17*y + 6*y + 2*y**2 - 8*y. Let i be s(-7). Calculate the highest common divisor of 120 and i.
12
Let u = 3788 - 3776. Let x = -9 + 25. Calculate the highest common divisor of x and u.
4
Suppose 3*x - 31 = -4*o, 39 = -x + 5*o + 24. Calculate the greatest common factor of 370 and x.
5
Let i = 3283 - 3101. What is the highest common divisor of i and 494?
26
Suppose 4*d - 4*a = 5*d - 882, -d = -2*a - 894. Calculate the highest common factor of d and 40.
10
Let y = -268 - -280. Let c = -9 + 13. Suppose c*w = 6*w - 24. What is the greatest common factor of y and w?
12
Let k be (15/9 - 2)*-15. Suppose 72 = 5*u - 2*l, k*l - 13 + 60 = 3*u. Suppose 0 = -2*c - 4 + 8. What is the greatest common factor of c and u?
2
Let i be (-2 - 7) + 13 - -18. Let r(k) = 55*k**2 + k - 1. Let n be r(1). Calculate the highest common divisor of i and n.
11
Let t = 1080 + -990. What is the highest common divisor of 342 and t?
18
Suppose 82 - 98 = -4*y. Suppose -76 = -2*c + 4*j, 3*j + 73 = y*c - 74. What is the highest common divisor of c and 36?
36
Let w(t) = 4*t**2 - 5*t - 212. Let a be w(16). Calculate the highest common divisor of 61 and a.
61
Let s(n) = 24*n + 58. Let m be s(32). Calculate the greatest common factor of 14 and m.
14
Let v be 83006/770 + ((-18)/10 - -2). Calculate the highest common divisor of v and 120.
12
Let c be (-119)/(-28) - 1/4. Suppose -78 = -c*d + 2*j, 0*j + 3*j - 53 = -4*d. Calculate the greatest common divisor of d and 17.
17
Suppose -2*z + 17*z - 120 = 0. Suppose -4*r + 3*r + 2 = 0. Let k(j) = 32*j. Let p be k(r). What is the highest common divisor of p and z?
8
Let x(l) = -4*l - 94. Let d be x(-25). Calculate the highest common divisor of d and 24.
6
Let k be (420/24)/(2/12). Let d = -18 + k. What is the greatest common factor of 58 and d?
29
Let n be 3/2 - (-23)/(-2). Let f(i) = -i - 8. Let c be f(n). Let h be (7 + -8)/(c/(-44)). Calculate the highest common divisor of 33 and h.
11
Let d(y) = y**2 + y - 60. Let q be d(8). What is the highest common divisor of q and 588?
12
Let n(a) = 17*a**3 - a**2. Let q be n(1). Suppose -m = 3*m - 3*g - 326, -3*g - 6 = 0. Suppose m = 31*z - 26*z. What is the greatest common factor of q and z?
16
Let m be (-13)/((-2)/18*3). Let a be (-2)/(118/(-39) - -3). What is the highest common factor of m and a?
39
Suppose 43 = h - 48. Let p = 53 - 50. Suppose -p*q + 7*a + h = 2*a, -q + 33 = a. Calculate the greatest common divisor of q and 4.
4
Suppose 4*q - 2*f = 61 + 29, 5*q + 5*f = 75. Suppose -2*g - 5*c + 340 = 0, 0*g + g - 4*c - 144 = 0. Calculate the highest common factor of q and g.
20
Let v be (3 - (-2 + 4))*10. Let o = v + -3. Let u be (-1)/(2/(1 - 3)). What is the greatest common factor of u and o?
1
Let a = -853 - -867. Let p = 87 - -25. What is the greatest common divisor of a and p?
14
Suppose 4 = -r + 3*r. Let s be 5/1 + 3*2/(-6). Suppose s*u - 24 = -r*u. What is the greatest common divisor of 20 and u?
4
Let a(f) = -f**2 + 8*f + 3. Let g be a(8). Suppose -t = -g*h + 2, 3*t - 3*h - 30 = -6*h. What is the greatest common divisor of t and 49?
7
Suppose -46*r + 70 = -53*r. Let q be (-35)/14*5*228/r. Calculate the highest common factor of 15 and q.
15
Let p be (-2)/3 + 506/3. Suppose -5*o + 7 = -p. Suppose 269*a - 1067 = 816. What is the greatest common divisor of a and o?
7
Suppose l - 5*a = -20, 0 = -2*l - 3*l - a + 4. Suppose v - 4*v + 99 = l. What is the highest common factor of v and 99?
33
Let f(r) = -4*r - 12. Let k be f(-8). Let p = 13 - 14. Let n(x) = 81*x**2 + 2*x + 1. Let w be n(p). Calculate the highest common divisor of w and k.
20
Let n be 249/12 + (-3)/4. Suppose 2*k - n = -3*k. Suppose k + 16 = f. What is the highest common divisor of 80 and f?
20
Let x be (-2)/7 - (-57)/(-21). Let w be (44/(-16) - x) + (-174)/(-8). What is the highest common divisor of 33 and w?
11
Let d(u) = -2*u**2 - 6*u - 2. Let r be d(5). Let h be (-4)/(-12) + r/(-6). What is the greatest common divisor of 154 and h?
14
Let m(c) = -8*c**3 - 5*c**2 + 8*c - 2. Let k be m(2). Let p = 100 + k. What is the highest common factor of 15 and p?
15
Let b be (-429)/(-18) - 10/(-60). What is the greatest common factor of 1 and b?
1
Let n(s) = -s + 32. Let h be n(0). What is the greatest common factor of h and 12?
4
Suppose -2*f + 3*f - 2 = 0. Let l(o) = -6*o + 7 - 15*o + f - 2. Let z be l(-9). Calculate the greatest common divisor of z and 28.
28
Suppose 2*z = 8*z - 30. Suppose p = z*y + 120, -2*y - 666 = -5*p + y. Calculate the highest common factor of 15 and p.
15
Let b = 36 - 37. Let n be (10 - 21)*(-2 + b). Let f be (-29)/(-9) + (-2)/9. Calculate the highest common factor of f and n.
3
Let m = 37 - 20. Suppose -1 - m = -6*b. Calculate the greatest common divisor of b and 15.
3
Let x(m) = m**3 - 7*m**2 + 4*m + 16. Let t be x(6). Let r be 300/(t - -1) + 3. What is the greatest common factor of 9 and r?
9
Let u be (-12 - -20) + 0/(-2 + 5). Calculate the greatest common divisor of u and 72.
8
Let h(c) = -25*c - 373. Let k be h(-18). Suppose 0*b + 14 = 2*b. What is the highest common factor of k and b?
7
Let g(h) = -h**3 + 3*h**2 + 9*h - 9. Let c be g(5). Let j = 11 + 7. Let f = j + c. What is the highest common factor of 8 and f?
4
Let n = 282 + -474. Let j = -75 - n. Let r = 18 - 5. What is the greatest common divisor of r and j?
13